{"id":647,"date":"2021-04-02T03:24:40","date_gmt":"2021-04-02T03:24:40","guid":{"rendered":"https:\/\/medicinaforenseperu.pe\/?page_id=647"},"modified":"2021-04-02T08:02:56","modified_gmt":"2021-04-02T08:02:56","slug":"blog-2","status":"publish","type":"page","link":"https:\/\/medicinaforenseperu.pe\/index.php\/blog-2\/","title":{"rendered":"Blog"},"content":{"rendered":"\t\t<div data-elementor-type=\"wp-page\" data-elementor-id=\"647\" class=\"elementor elementor-647\">\n\t\t\t\t\t\t<section class=\"elementor-section elementor-top-section elementor-element elementor-element-5c535f64 elementor-section-boxed elementor-section-height-default elementor-section-height-default\" data-id=\"5c535f64\" data-element_type=\"section\" data-e-type=\"section\">\n\t\t\t\t\t\t<div class=\"elementor-container elementor-column-gap-extended\">\n\t\t\t\t\t<div class=\"elementor-column elementor-col-100 elementor-top-column elementor-element elementor-element-b6e79c6\" data-id=\"b6e79c6\" data-element_type=\"column\" data-e-type=\"column\">\n\t\t\t<div class=\"elementor-widget-wrap elementor-element-populated\">\n\t\t\t\t\t\t<div class=\"elementor-element elementor-element-b7bc67c elementor-widget elementor-widget-heading\" data-id=\"b7bc67c\" data-element_type=\"widget\" data-e-type=\"widget\" data-widget_type=\"heading.default\">\n\t\t\t\t<div class=\"elementor-widget-container\">\n\t\t\t\t\t<h1 class=\"elementor-heading-title elementor-size-default\">BLOG MEDICO FORENSE<\/h1>\t\t\t\t<\/div>\n\t\t\t\t<\/div>\n\t\t\t\t<div class=\"elementor-element elementor-element-363c82f elementor-widget elementor-widget-wp-widget-categories\" data-id=\"363c82f\" data-element_type=\"widget\" data-e-type=\"widget\" data-widget_type=\"wp-widget-categories.default\">\n\t\t\t\t<div class=\"elementor-widget-container\">\n\t\t\t\t\t<h5>Categor\u00edas<\/h5><form action=\"https:\/\/medicinaforenseperu.pe\" method=\"get\"><label class=\"screen-reader-text\" for=\"cat\">Categor\u00edas<\/label><select  name='cat' id='cat' class='postform'>\n\t<option value='-1'>Elegir la categor\u00eda<\/option>\n\t<option class=\"level-0\" value=\"3\">Herramientas en la tarea pericial&nbsp;&nbsp;(1)<\/option>\n\t<option class=\"level-0\" value=\"1\">Negligencia Medica&nbsp;&nbsp;(14)<\/option>\n<\/select>\n<\/form><script type=\"text\/javascript\">\n\/* <![CDATA[ *\/\n\n( ( dropdownId ) => {\n\tconst dropdown = document.getElementById( dropdownId );\n\tfunction onSelectChange() {\n\t\tsetTimeout( () => {\n\t\t\tif ( 'escape' === dropdown.dataset.lastkey ) {\n\t\t\t\treturn;\n\t\t\t}\n\t\t\tif ( dropdown.value && parseInt( dropdown.value ) > 0 && dropdown instanceof HTMLSelectElement ) {\n\t\t\t\tdropdown.parentElement.submit();\n\t\t\t}\n\t\t}, 250 );\n\t}\n\tfunction onKeyUp( event ) {\n\t\tif ( 'Escape' === event.key ) {\n\t\t\tdropdown.dataset.lastkey = 'escape';\n\t\t} else {\n\t\t\tdelete dropdown.dataset.lastkey;\n\t\t}\n\t}\n\tfunction onClick() {\n\t\tdelete dropdown.dataset.lastkey;\n\t}\n\tdropdown.addEventListener( 'keyup', onKeyUp );\n\tdropdown.addEventListener( 'click', onClick );\n\tdropdown.addEventListener( 'change', onSelectChange );\n})( \"cat\" );\n\n\/\/# sourceURL=WP_Widget_Categories%3A%3Awidget\n\/* ]]> *\/\n<\/script>\n\t\t\t\t<\/div>\n\t\t\t\t<\/div>\n\t\t\t\t<div class=\"elementor-element elementor-element-6276ff90 elementor-widget elementor-widget-anggita-post-four\" data-id=\"6276ff90\" data-element_type=\"widget\" data-e-type=\"widget\" data-widget_type=\"anggita-post-four.default\">\n\t\t\t\t<div class=\"elementor-widget-container\">\n\t\t\t\t\t<div class=\"blog-post-list row clearfix blog-body\">\r\n        <div class=\"col-md-4\">\r\n        <div class=\"blog-col-inner\">\r\n\r\n\r\n\r\n\r\n            <!--if post is standard-->\r\n                                    <img fetchpriority=\"high\" decoding=\"async\" width=\"275\" height=\"183\" src=\"https:\/\/medicinaforenseperu.pe\/wp-content\/uploads\/2021\/02\/descarga-2.jpg\" class=\"full-size-img wp-post-image\" alt=\"\" \/>            <!--if post is gallery-->\r\n            \r\n            <a href=\"https:\/\/medicinaforenseperu.pe\/index.php\/2021\/02\/01\/alcances-del-secreto-profesional-del-medico\/\">\r\n                <h3>ALCANCES DEL SECRETO PROFESIONAL DEL MEDICO<\/h3>\r\n            <\/a>\r\n\r\n\r\n\r\n            <div class=\"excerpt-box\">\r\n\r\n\r\n                                <p>\r\n                    ...                <\/p>\r\n                \r\n                \r\n                                <div class=\"spacing20 clearboth\"><\/div>\r\n                <a class=\"content-btn\" href=\"https:\/\/medicinaforenseperu.pe\/index.php\/2021\/02\/01\/alcances-del-secreto-profesional-del-medico\/\">\r\n\r\n                                        <span class=\"content-btn-align-icon-left content-btn-button-icon\">\r\n                        <i class=\"fa fa-book\" aria-hidden=\"true\"><\/i>\r\n                    <\/span>\r\n                    \r\n                    Leer Mas                <\/a>\r\n                <div class=\"spacing20 clearboth\"><\/div>\r\n                \r\n                                <ul class=\"post-meta\">\r\n\r\n                                        <li class=\"postarch\"><i class=\"fa fa-clone\"><\/i> <a href=\"https:\/\/medicinaforenseperu.pe\/index.php\/category\/herramientas-en-la-tarea-pericial\/\" rel=\"category tag\">Herramientas en la tarea pericial<\/a><\/li>\r\n                    \r\n                    \r\n                                        <li><i class=\"fa fa-clock-o\"><\/i> febrero 1, 2021<\/li>\r\n                                    <\/ul>\r\n                \r\n\r\n            <\/div>\r\n\r\n        <\/div>\r\n        <div class=\"spacing30 clearfix\"><\/div>\r\n    <\/div>\r\n\r\n        <div class=\"col-md-4\">\r\n        <div class=\"blog-col-inner\">\r\n\r\n\r\n\r\n\r\n            <!--if post is standard-->\r\n                                    <img decoding=\"async\" width=\"900\" height=\"540\" src=\"https:\/\/medicinaforenseperu.pe\/wp-content\/uploads\/2021\/02\/gestion.jpg\" class=\"full-size-img wp-post-image\" alt=\"\" srcset=\"https:\/\/medicinaforenseperu.pe\/wp-content\/uploads\/2021\/02\/gestion.jpg 900w, https:\/\/medicinaforenseperu.pe\/wp-content\/uploads\/2021\/02\/gestion-300x180.jpg 300w, https:\/\/medicinaforenseperu.pe\/wp-content\/uploads\/2021\/02\/gestion-768x461.jpg 768w, https:\/\/medicinaforenseperu.pe\/wp-content\/uploads\/2021\/02\/gestion-500x300.jpg 500w\" sizes=\"(max-width: 900px) 100vw, 900px\" \/>            <!--if post is gallery-->\r\n            \r\n            <a href=\"https:\/\/medicinaforenseperu.pe\/index.php\/2021\/02\/01\/socializacion-del-riesgo-medico\/\">\r\n                <h3>Socializaci\u00f3n del riesgo m\u00e9dico<\/h3>\r\n            <\/a>\r\n\r\n\r\n\r\n            <div class=\"excerpt-box\">\r\n\r\n\r\n                                <p>\r\n                    ...                <\/p>\r\n                \r\n                \r\n                                <div class=\"spacing20 clearboth\"><\/div>\r\n                <a class=\"content-btn\" href=\"https:\/\/medicinaforenseperu.pe\/index.php\/2021\/02\/01\/socializacion-del-riesgo-medico\/\">\r\n\r\n                                        <span class=\"content-btn-align-icon-left content-btn-button-icon\">\r\n                        <i class=\"fa fa-book\" aria-hidden=\"true\"><\/i>\r\n                    <\/span>\r\n                    \r\n                    Leer Mas                <\/a>\r\n                <div class=\"spacing20 clearboth\"><\/div>\r\n                \r\n                                <ul class=\"post-meta\">\r\n\r\n                                        <li class=\"postarch\"><i class=\"fa fa-clone\"><\/i> <a href=\"https:\/\/medicinaforenseperu.pe\/index.php\/category\/negligencia-medica\/\" rel=\"category tag\">Negligencia Medica<\/a><\/li>\r\n                    \r\n                    \r\n                                        <li><i class=\"fa fa-clock-o\"><\/i> febrero 1, 2021<\/li>\r\n                                    <\/ul>\r\n                \r\n\r\n            <\/div>\r\n\r\n        <\/div>\r\n        <div class=\"spacing30 clearfix\"><\/div>\r\n    <\/div>\r\n\r\n        <div class=\"col-md-4\">\r\n        <div class=\"blog-col-inner\">\r\n\r\n\r\n\r\n\r\n            <!--if post is standard-->\r\n                                    <img decoding=\"async\" width=\"1200\" height=\"675\" src=\"https:\/\/medicinaforenseperu.pe\/wp-content\/uploads\/2021\/02\/Medicina-forense-legal.jpg\" class=\"full-size-img wp-post-image\" alt=\"\" srcset=\"https:\/\/medicinaforenseperu.pe\/wp-content\/uploads\/2021\/02\/Medicina-forense-legal.jpg 1200w, https:\/\/medicinaforenseperu.pe\/wp-content\/uploads\/2021\/02\/Medicina-forense-legal-300x169.jpg 300w, https:\/\/medicinaforenseperu.pe\/wp-content\/uploads\/2021\/02\/Medicina-forense-legal-1024x576.jpg 1024w, https:\/\/medicinaforenseperu.pe\/wp-content\/uploads\/2021\/02\/Medicina-forense-legal-768x432.jpg 768w\" sizes=\"(max-width: 1200px) 100vw, 1200px\" \/>            <!--if post is gallery-->\r\n            \r\n            <a href=\"https:\/\/medicinaforenseperu.pe\/index.php\/2021\/02\/01\/sobre-la-responsabilidad-de-los-medicos-forenses\/\">\r\n                <h3>Sobre la responsabilidad de los m\u00e9dicos forenses<\/h3>\r\n            <\/a>\r\n\r\n\r\n\r\n            <div class=\"excerpt-box\">\r\n\r\n\r\n                                <p>\r\n                    ...                <\/p>\r\n                \r\n                \r\n                                <div class=\"spacing20 clearboth\"><\/div>\r\n                <a class=\"content-btn\" href=\"https:\/\/medicinaforenseperu.pe\/index.php\/2021\/02\/01\/sobre-la-responsabilidad-de-los-medicos-forenses\/\">\r\n\r\n                                        <span class=\"content-btn-align-icon-left content-btn-button-icon\">\r\n                        <i class=\"fa fa-book\" aria-hidden=\"true\"><\/i>\r\n                    <\/span>\r\n                    \r\n                    Leer Mas                <\/a>\r\n                <div class=\"spacing20 clearboth\"><\/div>\r\n                \r\n                                <ul class=\"post-meta\">\r\n\r\n                                        <li class=\"postarch\"><i class=\"fa fa-clone\"><\/i> <a href=\"https:\/\/medicinaforenseperu.pe\/index.php\/category\/negligencia-medica\/\" rel=\"category tag\">Negligencia Medica<\/a><\/li>\r\n                    \r\n                    \r\n                                        <li><i class=\"fa fa-clock-o\"><\/i> febrero 1, 2021<\/li>\r\n                                    <\/ul>\r\n                \r\n\r\n            <\/div>\r\n\r\n        <\/div>\r\n        <div class=\"spacing30 clearfix\"><\/div>\r\n    <\/div>\r\n\r\n        <div class=\"col-md-4\">\r\n        <div class=\"blog-col-inner\">\r\n\r\n\r\n\r\n\r\n            <!--if post is standard-->\r\n                                    <img loading=\"lazy\" decoding=\"async\" width=\"850\" height=\"1203\" src=\"https:\/\/medicinaforenseperu.pe\/wp-content\/uploads\/2021\/01\/largepreview.png\" class=\"full-size-img wp-post-image\" alt=\"\" srcset=\"https:\/\/medicinaforenseperu.pe\/wp-content\/uploads\/2021\/01\/largepreview.png 850w, https:\/\/medicinaforenseperu.pe\/wp-content\/uploads\/2021\/01\/largepreview-212x300.png 212w, https:\/\/medicinaforenseperu.pe\/wp-content\/uploads\/2021\/01\/largepreview-724x1024.png 724w, https:\/\/medicinaforenseperu.pe\/wp-content\/uploads\/2021\/01\/largepreview-768x1087.png 768w\" sizes=\"(max-width: 850px) 100vw, 850px\" \/>            <!--if post is gallery-->\r\n            \r\n            <a href=\"https:\/\/medicinaforenseperu.pe\/index.php\/2021\/01\/28\/seudoconsentimiento-informado-en-uruguay\/\">\r\n                <h3>Seudo consentimiento informado<\/h3>\r\n            <\/a>\r\n\r\n\r\n\r\n            <div class=\"excerpt-box\">\r\n\r\n\r\n                                <p>\r\n                    ...                <\/p>\r\n                \r\n                \r\n                                <div class=\"spacing20 clearboth\"><\/div>\r\n                <a class=\"content-btn\" href=\"https:\/\/medicinaforenseperu.pe\/index.php\/2021\/01\/28\/seudoconsentimiento-informado-en-uruguay\/\">\r\n\r\n                                        <span class=\"content-btn-align-icon-left content-btn-button-icon\">\r\n                        <i class=\"fa fa-book\" aria-hidden=\"true\"><\/i>\r\n                    <\/span>\r\n                    \r\n                    Leer Mas                <\/a>\r\n                <div class=\"spacing20 clearboth\"><\/div>\r\n                \r\n                                <ul class=\"post-meta\">\r\n\r\n                                        <li class=\"postarch\"><i class=\"fa fa-clone\"><\/i> <a href=\"https:\/\/medicinaforenseperu.pe\/index.php\/category\/negligencia-medica\/\" rel=\"category tag\">Negligencia Medica<\/a><\/li>\r\n                    \r\n                    \r\n                                        <li><i class=\"fa fa-clock-o\"><\/i> enero 28, 2021<\/li>\r\n                                    <\/ul>\r\n                \r\n\r\n            <\/div>\r\n\r\n        <\/div>\r\n        <div class=\"spacing30 clearfix\"><\/div>\r\n    <\/div>\r\n\r\n        <div class=\"col-md-4\">\r\n        <div class=\"blog-col-inner\">\r\n\r\n\r\n\r\n\r\n            <!--if post is standard-->\r\n                        <img decoding=\"async\" alt=\"blog-image\" src=\"https:\/\/medicinaforenseperu.pe\/wp-content\/plugins\/anggita_plugin\/images\/no-image.jpg\" \/>\r\n                        \r\n            <a href=\"https:\/\/medicinaforenseperu.pe\/index.php\/2021\/01\/28\/los-riesgos-de-la-medicina-basada-en-evidencias\/\">\r\n                <h3>Los riesgos de la medicina basada en evidencias<\/h3>\r\n            <\/a>\r\n\r\n\r\n\r\n            <div class=\"excerpt-box\">\r\n\r\n\r\n                                <p>\r\n                    ...                <\/p>\r\n                \r\n                \r\n                                <div class=\"spacing20 clearboth\"><\/div>\r\n                <a class=\"content-btn\" href=\"https:\/\/medicinaforenseperu.pe\/index.php\/2021\/01\/28\/los-riesgos-de-la-medicina-basada-en-evidencias\/\">\r\n\r\n                                        <span class=\"content-btn-align-icon-left content-btn-button-icon\">\r\n                        <i class=\"fa fa-book\" aria-hidden=\"true\"><\/i>\r\n                    <\/span>\r\n                    \r\n                    Leer Mas                <\/a>\r\n                <div class=\"spacing20 clearboth\"><\/div>\r\n                \r\n                                <ul class=\"post-meta\">\r\n\r\n                                        <li class=\"postarch\"><i class=\"fa fa-clone\"><\/i> <a href=\"https:\/\/medicinaforenseperu.pe\/index.php\/category\/negligencia-medica\/\" rel=\"category tag\">Negligencia Medica<\/a><\/li>\r\n                    \r\n                    \r\n                                        <li><i class=\"fa fa-clock-o\"><\/i> enero 28, 2021<\/li>\r\n                                    <\/ul>\r\n                \r\n\r\n            <\/div>\r\n\r\n        <\/div>\r\n        <div class=\"spacing30 clearfix\"><\/div>\r\n    <\/div>\r\n\r\n        <div class=\"col-md-4\">\r\n        <div class=\"blog-col-inner\">\r\n\r\n\r\n\r\n\r\n            <!--if post is standard-->\r\n                        <img decoding=\"async\" alt=\"blog-image\" src=\"https:\/\/medicinaforenseperu.pe\/wp-content\/plugins\/anggita_plugin\/images\/no-image.jpg\" \/>\r\n                        \r\n            <a href=\"https:\/\/medicinaforenseperu.pe\/index.php\/2021\/01\/28\/responsabilidad-civil-en-la-atencion-medico-quirurgica-de-emergencia\/\">\r\n                <h3>Responsabilidad civil en la atenci\u00f3n m\u00e9dico \u2013 quir\u00fargica de emergencia<\/h3>\r\n            <\/a>\r\n\r\n\r\n\r\n            <div class=\"excerpt-box\">\r\n\r\n\r\n                                <p>\r\n                    ...                <\/p>\r\n                \r\n                \r\n                                <div class=\"spacing20 clearboth\"><\/div>\r\n                <a class=\"content-btn\" href=\"https:\/\/medicinaforenseperu.pe\/index.php\/2021\/01\/28\/responsabilidad-civil-en-la-atencion-medico-quirurgica-de-emergencia\/\">\r\n\r\n                                        <span class=\"content-btn-align-icon-left content-btn-button-icon\">\r\n                        <i class=\"fa fa-book\" aria-hidden=\"true\"><\/i>\r\n                    <\/span>\r\n                    \r\n                    Leer Mas                <\/a>\r\n                <div class=\"spacing20 clearboth\"><\/div>\r\n                \r\n                                <ul class=\"post-meta\">\r\n\r\n                                        <li class=\"postarch\"><i class=\"fa fa-clone\"><\/i> <a href=\"https:\/\/medicinaforenseperu.pe\/index.php\/category\/negligencia-medica\/\" rel=\"category tag\">Negligencia Medica<\/a><\/li>\r\n                    \r\n                    \r\n                                        <li><i class=\"fa fa-clock-o\"><\/i> enero 28, 2021<\/li>\r\n                                    <\/ul>\r\n                \r\n\r\n            <\/div>\r\n\r\n        <\/div>\r\n        <div class=\"spacing30 clearfix\"><\/div>\r\n    <\/div>\r\n\r\n    <\/div>\r\n\r\n<!--pagination-->\r\n<ul class='pagination'><li class='active'><a href='#' >1<\/a><\/li><li><a href='https:\/\/medicinaforenseperu.pe\/index.php\/wp-json\/wp\/v2\/pages\/647\/page\/2\/' class='inactive' >2<\/a><\/li><li><a href='https:\/\/medicinaforenseperu.pe\/index.php\/wp-json\/wp\/v2\/pages\/647\/page\/3\/' class='inactive' >3<\/a><\/li><\/ul>\n\t\t\t\t<\/div>\n\t\t\t\t<\/div>\n\t\t\t\t\t<\/div>\n\t\t<\/div>\n\t\t\t\t\t<\/div>\n\t\t<\/section>\n\t\t\t\t<\/div>\n\t\t","protected":false},"excerpt":{"rendered":"<p>BLOG MEDICO FORENSE ALCANCES DEL SECRETO PROFESIONAL DEL MEDICO &#8230; Leer Mas Herramientas en la tarea pericial Febrero 1, 2021 Socializaci\u00f3n del riesgo m\u00e9dico &#8230; Leer Mas Negligencia Medica Febrero 1, 2021 Sobre la responsabilidad de los m\u00e9dicos forenses &#8230; Leer Mas Negligencia Medica Febrero 1, 2021 Seudo consentimiento informado &#8230; Leer Mas Negligencia Medica Enero 28, 2021 Los riesgos &hellip;<\/p>\n","protected":false},"author":1,"featured_media":0,"parent":0,"menu_order":0,"comment_status":"closed","ping_status":"closed","template":"elementor_header_footer","meta":{"_monsterinsights_skip_tracking":false,"_monsterinsights_sitenote_active":false,"_monsterinsights_sitenote_note":"","_monsterinsights_sitenote_category":0,"footnotes":""},"class_list":["post-647","page","type-page","status-publish","hentry"],"aioseo_notices":[],"_links":{"self":[{"href":"https:\/\/medicinaforenseperu.pe\/index.php\/wp-json\/wp\/v2\/pages\/647","targetHints":{"allow":["GET"]}}],"collection":[{"href":"https:\/\/medicinaforenseperu.pe\/index.php\/wp-json\/wp\/v2\/pages"}],"about":[{"href":"https:\/\/medicinaforenseperu.pe\/index.php\/wp-json\/wp\/v2\/types\/page"}],"author":[{"embeddable":true,"href":"https:\/\/medicinaforenseperu.pe\/index.php\/wp-json\/wp\/v2\/users\/1"}],"replies":[{"embeddable":true,"href":"https:\/\/medicinaforenseperu.pe\/index.php\/wp-json\/wp\/v2\/comments?post=647"}],"version-history":[{"count":16,"href":"https:\/\/medicinaforenseperu.pe\/index.php\/wp-json\/wp\/v2\/pages\/647\/revisions"}],"predecessor-version":[{"id":794,"href":"https:\/\/medicinaforenseperu.pe\/index.php\/wp-json\/wp\/v2\/pages\/647\/revisions\/794"}],"wp:attachment":[{"href":"https:\/\/medicinaforenseperu.pe\/index.php\/wp-json\/wp\/v2\/media?parent=647"}],"curies":[{"name":"wp","href":"https:\/\/api.w.org\/{rel}","templated":true}]}}